{"id":7692,"date":"2022-08-28T08:35:35","date_gmt":"2022-08-28T06:35:35","guid":{"rendered":"https:\/\/ecole-elementaire-publique-viriat.blog.ac-lyon.fr\/wordpress\/?page_id=7692"},"modified":"2022-08-28T08:35:37","modified_gmt":"2022-08-28T06:35:37","slug":"administratif-ecole-viriat","status":"publish","type":"page","link":"https:\/\/ecole-elementaire-publique-viriat.blog.ac-lyon.fr\/wordpress\/administratif-ecole-viriat\/","title":{"rendered":"Administratif \u00e9cole Viriat"},"content":{"rendered":"","protected":false},"excerpt":{"rendered":"","protected":false},"author":10,"featured_media":0,"parent":0,"menu_order":0,"comment_status":"closed","ping_status":"closed","template":"","meta":{"xn-wppe-expiration":[],"xn-wppe-expiration-action":[],"xn-wppe-expiration-prefix":[],"advgb_blocks_editor_width":"","advgb_blocks_columns_visual_guide":"","_EventAllDay":false,"_EventTimezone":"","_EventStartDate":"","_EventEndDate":"","_EventStartDateUTC":"","_EventEndDateUTC":"","_EventShowMap":false,"_EventShowMapLink":false,"_EventURL":"","_EventCost":"","_EventCostDescription":"","_EventCurrencySymbol":"","_EventCurrencyCode":"","_EventCurrencyPosition":"","_EventDateTimeSeparator":"","_EventTimeRangeSeparator":"","_EventOrganizerID":[],"_EventVenueID":0,"_OrganizerEmail":"","_OrganizerPhone":"","_OrganizerWebsite":"","_VenueAddress":"","_VenueCity":"","_VenueCountry":"","_VenueProvince":"","_VenueZip":"","_VenuePhone":"","_VenueURL":"","_VenueStateProvince":"","_VenueLat":"","_VenueLng":"","footnotes":""},"class_list":["post-7692","page","type-page","status-publish","hentry"],"coauthors":[],"author_meta":{"author_link":"https:\/\/ecole-elementaire-publique-viriat.blog.ac-lyon.fr\/wordpress\/author\/jean-moricheau\/","display_name":"Jean Moricheau"},"relative_dates":{"created":"Publi\u00e9 4 ans il y a","modified":"Mis \u00e0 jour 4 ans il y a"},"absolute_dates":{"created":"Publi\u00e9 le 28 ao\u00fbt 2022","modified":"Mise \u00e0 jour le 28 ao\u00fbt 2022"},"absolute_dates_time":{"created":"Publi\u00e9 le 28 ao\u00fbt 2022 8 h 35 min","modified":"Mise \u00e0 jour le 28 ao\u00fbt 2022 8 h 35 min"},"featured_img_caption":"","featured_img":false,"series_order":"","_links":{"self":[{"href":"https:\/\/ecole-elementaire-publique-viriat.blog.ac-lyon.fr\/wordpress\/wp-json\/wp\/v2\/pages\/7692","targetHints":{"allow":["GET"]}}],"collection":[{"href":"https:\/\/ecole-elementaire-publique-viriat.blog.ac-lyon.fr\/wordpress\/wp-json\/wp\/v2\/pages"}],"about":[{"href":"https:\/\/ecole-elementaire-publique-viriat.blog.ac-lyon.fr\/wordpress\/wp-json\/wp\/v2\/types\/page"}],"author":[{"embeddable":true,"href":"https:\/\/ecole-elementaire-publique-viriat.blog.ac-lyon.fr\/wordpress\/wp-json\/wp\/v2\/users\/10"}],"replies":[{"embeddable":true,"href":"https:\/\/ecole-elementaire-publique-viriat.blog.ac-lyon.fr\/wordpress\/wp-json\/wp\/v2\/comments?post=7692"}],"version-history":[{"count":1,"href":"https:\/\/ecole-elementaire-publique-viriat.blog.ac-lyon.fr\/wordpress\/wp-json\/wp\/v2\/pages\/7692\/revisions"}],"predecessor-version":[{"id":7694,"href":"https:\/\/ecole-elementaire-publique-viriat.blog.ac-lyon.fr\/wordpress\/wp-json\/wp\/v2\/pages\/7692\/revisions\/7694"}],"wp:attachment":[{"href":"https:\/\/ecole-elementaire-publique-viriat.blog.ac-lyon.fr\/wordpress\/wp-json\/wp\/v2\/media?parent=7692"}],"curies":[{"name":"wp","href":"https:\/\/api.w.org\/{rel}","templated":true}]}}