{"id":7508,"date":"2022-08-19T07:54:00","date_gmt":"2022-08-19T05:54:00","guid":{"rendered":"https:\/\/ecole-elementaire-publique-viriat.blog.ac-lyon.fr\/wordpress\/?page_id=7508"},"modified":"2022-08-28T08:30:49","modified_gmt":"2022-08-28T06:30:49","slug":"accueil-2","status":"publish","type":"page","link":"https:\/\/ecole-elementaire-publique-viriat.blog.ac-lyon.fr\/wordpress\/accueil-2\/","title":{"rendered":"Accueil"},"content":{"rendered":"\n<p>Bienvenue sur le site de l&rsquo;\u00e9cole \u00c9l\u00e9mentaire publique de Viriat<\/p>\n","protected":false},"excerpt":{"rendered":"<p>Bienvenue sur le site de l&rsquo;\u00e9cole \u00c9l\u00e9mentaire publique de Viriat<\/p>\n","protected":false},"author":9,"featured_media":0,"parent":0,"menu_order":0,"comment_status":"closed","ping_status":"closed","template":"","meta":{"xn-wppe-expiration":[],"xn-wppe-expiration-action":[],"xn-wppe-expiration-prefix":[],"advgb_blocks_editor_width":"","advgb_blocks_columns_visual_guide":"","_EventAllDay":false,"_EventTimezone":"","_EventStartDate":"","_EventEndDate":"","_EventStartDateUTC":"","_EventEndDateUTC":"","_EventShowMap":false,"_EventShowMapLink":false,"_EventURL":"","_EventCost":"","_EventCostDescription":"","_EventCurrencySymbol":"","_EventCurrencyCode":"","_EventCurrencyPosition":"","_EventDateTimeSeparator":"","_EventTimeRangeSeparator":"","_EventOrganizerID":[],"_EventVenueID":0,"_OrganizerEmail":"","_OrganizerPhone":"","_OrganizerWebsite":"","_VenueAddress":"","_VenueCity":"","_VenueCountry":"","_VenueProvince":"","_VenueZip":"","_VenuePhone":"","_VenueURL":"","_VenueStateProvince":"","_VenueLat":"","_VenueLng":"","footnotes":""},"class_list":["post-7508","page","type-page","status-publish","hentry"],"coauthors":[],"author_meta":{"author_link":"https:\/\/ecole-elementaire-publique-viriat.blog.ac-lyon.fr\/wordpress\/author\/admin-ecoleelem\/","display_name":"admin.ecoleelem"},"relative_dates":{"created":"Publi\u00e9 4 ans il y a","modified":"Mis \u00e0 jour 4 ans il y a"},"absolute_dates":{"created":"Publi\u00e9 le 19 ao\u00fbt 2022","modified":"Mise \u00e0 jour le 28 ao\u00fbt 2022"},"absolute_dates_time":{"created":"Publi\u00e9 le 19 ao\u00fbt 2022 7 h 54 min","modified":"Mise \u00e0 jour le 28 ao\u00fbt 2022 8 h 30 min"},"featured_img_caption":"","featured_img":false,"series_order":"","_links":{"self":[{"href":"https:\/\/ecole-elementaire-publique-viriat.blog.ac-lyon.fr\/wordpress\/wp-json\/wp\/v2\/pages\/7508","targetHints":{"allow":["GET"]}}],"collection":[{"href":"https:\/\/ecole-elementaire-publique-viriat.blog.ac-lyon.fr\/wordpress\/wp-json\/wp\/v2\/pages"}],"about":[{"href":"https:\/\/ecole-elementaire-publique-viriat.blog.ac-lyon.fr\/wordpress\/wp-json\/wp\/v2\/types\/page"}],"author":[{"embeddable":true,"href":"https:\/\/ecole-elementaire-publique-viriat.blog.ac-lyon.fr\/wordpress\/wp-json\/wp\/v2\/users\/9"}],"replies":[{"embeddable":true,"href":"https:\/\/ecole-elementaire-publique-viriat.blog.ac-lyon.fr\/wordpress\/wp-json\/wp\/v2\/comments?post=7508"}],"version-history":[{"count":3,"href":"https:\/\/ecole-elementaire-publique-viriat.blog.ac-lyon.fr\/wordpress\/wp-json\/wp\/v2\/pages\/7508\/revisions"}],"predecessor-version":[{"id":7630,"href":"https:\/\/ecole-elementaire-publique-viriat.blog.ac-lyon.fr\/wordpress\/wp-json\/wp\/v2\/pages\/7508\/revisions\/7630"}],"wp:attachment":[{"href":"https:\/\/ecole-elementaire-publique-viriat.blog.ac-lyon.fr\/wordpress\/wp-json\/wp\/v2\/media?parent=7508"}],"curies":[{"name":"wp","href":"https:\/\/api.w.org\/{rel}","templated":true}]}}